+ 2*a - 10. Let j = -28 - -29. Let b(t) = -t**3 + t + 1. Let o(i) = j*r(i) - 5*b(i). What are the prime factors of o(6)?
3
Suppose 5*r - x + 0*x = 26, -2*r - x + 16 = 0. Suppose -21*u + 1710 = -r*u. What are the prime factors of u?
2, 3, 19
Let t(l) = -l + 236. Let u(q) = 2*q + 65. Let z be u(-29). List the prime factors of t(z).
229
Let p(s) = 21*s - 40. Let i be p(2). Suppose 0 = -i*o + 51 - 1. What are the prime factors of o?
5
Let b = -79 + 71. Let u = 151 - b. List the prime factors of u.
3, 53
Let u = -10306 - -37702. What are the prime factors of u?
2, 3, 761
Suppose 79*m = 9044 + 3991. What are the prime factors of m?
3, 5, 11
Let s = -1133 + 6487. List the prime factors of s.
2, 2677
Let a(u) = 6*u + 2*u - 188 + 163. What are the prime factors of a(9)?
47
Let v(b) = 26*b + 100. Let w(g) = 6*g - 4. Let l be w(5). List the prime factors of v(l).
2, 97
Suppose -x = -2*x - 33. Let l be 19/(-57)*(x - 0). What are the prime factors of (-5)/((-5)/4)*l?
2, 11
Suppose 0 = 2*v + 59 + 175. Let l = -81 - v. Suppose -39*p + l*p + 525 = 0. What are the prime factors of p?
5, 7
What are the prime factors of 3/(-18) - (10 - 59354/12)?
2, 617
Suppose -3*m + 2*r = -30988, -4*m = 3*r - 40501 - 805. What are the prime factors of m?
2, 1291
Let s be 2/10 + (-356)/(-20). Let y be s/6 - (-1 - -2). What are the prime factors of y/(-7) + (-675)/(-35)?
19
Let g(z) = 2*z**3 + 22*z**2 - 23. Let i be g(-15). Let k = -998 - i. What are the prime factors of k?
3, 5, 11
Suppose 3*d + 29 + 28 = 0. Let r = -26 - d. Let w(m) = -20*m - 23. List the prime factors of w(r).
3, 13
Suppose 0 = -93*c + 313762 + 312872. List the prime factors of c.
2, 3, 1123
Suppose 3*q - 399 = -n, -4*n = 3*q - q - 276. Let g = 69 - 34. Let h = q - g. What are the prime factors of h?
97
Let p(u) = -4*u**3 - 3*u**2 + 51*u - 57. List the prime factors of p(-9).
3, 719
Let f be (-308)/(-4)*(0 - -1). Let u = -33 + f. Suppose -5*v + 135 = 3*m, 0 = 2*v - 3*m - 10 - u. List the prime factors of v.
3
Let u(j) = 114*j + 6. Let b be u(11). Suppose 2*h - 4*d = b, -h = 4*d - 20 - 592. Suppose -17*p + 11*p + h = 0. What are the prime factors of p?
2, 13
Suppose 0 = 3338*p - 3254*p - 3225264. List the prime factors of p.
2, 29, 331
Suppose o - l = -6, -3*o + o = -4*l + 16. List the prime factors of (o/(48/(-9)))/(9/12984).
2, 541
Suppose -4*j - t = -100346, 5*j + 1308*t - 1303*t - 125455 = 0. List the prime factors of j.
5, 29, 173
Suppose -8 = -4*k, -3*k - 336 = -2*u + 2*k. Suppose -4*w + 5*y + u = -w, -w + 61 = -y. List the prime factors of w/(8/12 - (-2)/24).
2, 11
Suppose -106543 + 800569 = 18*q. What are the prime factors of q?
38557
Suppose 0 + 16 = 4*q - y, 5*q - 20 = -3*y. Suppose q*m = 12, -15*h + m = -17*h + 891. List the prime factors of h.
2, 3, 37
Let p be 77/4 + 6/8. Suppose 2*d - p = -2*f, -3 = -d + 2. Suppose -f*i = 5*r + 46 - 516, -5*i = -2*r - 477. What are the prime factors of i?
5, 19
Let d be (1 - (-24)/(-1))/(4/(-120)). Suppose 0 = -2*z + 7*z - d. What are the prime factors of z?
2, 3, 23
Let v(w) = -9219*w**3 + 9*w**2 - 8. What are the prime factors of v(-1)?
2, 5, 461
Suppose 444*o - 416*o - 1074500 = 0. List the prime factors of o.
5, 307
Suppose 501 = x + 2*r, 7*r - 2*r = 4*x - 1965. Let o = -130 + x. List the prime factors of o.
5, 73
Suppose -16*i + 24 = -14*i. Let h be (-2)/8 + ((-3387)/i)/(-1). Let d = h + -152. List the prime factors of d.
2, 5, 13
Let r(f) = f**2 - 7*f - 3. Let d be r(8). Let j = d - 2. Suppose 2*i - 64 = -j*v + v, -2*v + 67 = 3*i. What are the prime factors of v?
29
Suppose -11*y - 540770 = 18*y - 114*y. List the prime factors of y.
2, 3181
Let a(c) = -1141*c + 2504. List the prime factors of a(-38).
2, 23, 997
Let t(g) = 66*g**2 + 47*g + 364. List the prime factors of t(20).
2, 3463
Suppose 36*w + 41*w = 41*w + 337788. List the prime factors of w.
11, 853
Let r(a) be the first derivative of 1/4*a**4 + 66*a + 7 - 1/3*a**3 + 0*a**2. List the prime factors of r(0).
2, 3, 11
Let s be (64872/(-14))/((-110)/35 + 3). Suppose 0 = -223*i + 241*i - s. What are the prime factors of i?
2, 17, 53
Let h(n) = 2*n**2 - 6*n - 5. Let m be h(5). Suppose g = 5*g - 2*k + 146, m = -5*k. Let i = g - -92. List the prime factors of i.
2, 3
Suppose 2*v = -2*v + 4*t + 3228, -3*v - t = -2429. Let s = v + -381. What are the prime factors of s?
2, 107
Suppose 8*w - 15*w + 0*w + 37884 = 0. What are the prime factors of w?
2, 3, 11, 41
Let h = 41 - 39. Suppose -g - 2029 = 4*l, 2*l - h*g = 7*l + 2540. What are the prime factors of l/(-6) + (-1 - 5/(-3))?
5, 17
Let n be ((-8)/6)/((-3)/(90/4)). Suppose 9*x - n - 8 = 0. Suppose -9*c = -14*c - w + 535, x*c + 4*w = 196. List the prime factors of c.
2, 3
Suppose 8*h = 10*h - 1596 - 59408. What are the prime factors of h?
2, 101, 151
Suppose 0 = 133*b - 84*b - 137*b + 488840. List the prime factors of b.
5, 11, 101
Let l = -93 - -97. Suppose -3*w + l*r = 3*r - 937, 2*w - r - 625 = 0. List the prime factors of w.
2, 3, 13
Suppose -m - 12*m = -3978. Suppose m*w - 774 = 303*w. List the prime factors of w.
2, 3, 43
Let q = 8333 + 24036. List the prime factors of q.
32369
Let h = -555 + 521. What are the prime factors of 51/h*1994/(-3)?
997
Let q(y) = y**3 - y**2 + 1. Let z be q(0). Let c be -2*(1 - 0) - (z + -3). Suppose 60 = -0*s + 5*s + 2*m, c = s + 4*m - 30. List the prime factors of s.
2, 5
Suppose -4*h = -12, -3*d + 4*h = -d - 156322. What are the prime factors of d?
78167
Let w(l) = -1. Let v(c) = 7*c + 7. Let s(p) = -v(p) - 5*w(p). Let h be s(-1). Suppose 0 = 4*k + 3*y + y - 28, h*k - 35 = -3*y. What are the prime factors of k?
7
Suppose 5524 = 24*q - 3428. What are the prime factors of q?
373
Suppose -4*g + 3060 = 332. Suppose -4*l + 2*m + 1374 = 0, -2*l = 3*m + m - g. List the prime factors of l.
7
Suppose -23*t - 54 = -29*t. Suppose -n + 27 = t. Suppose -n*z = -20*z + 204. List the prime factors of z.
2, 3, 17
Suppose -17 = 5*x - f, 0 = -5*x - 4*f - 11 - 21. List the prime factors of x/(-10) - 10036/(-10).
2, 251
Suppose 5*w = -d - 15785 - 37423, -4*w + 3*d = 42574. What are the prime factors of w/(-11) + 12/22?
2, 11
Let r(w) = -1 + 38*w**3 + 3 + 47*w**3 - w**2 + 0 - w. Let v = 8 + -7. List the prime factors of r(v).
5, 17
Suppose 0 = 5*y + 2*c - 10, -7*y = -12*y - 3*c + 5. Suppose -3*h + 2308 = -y*x, 4363 = 5*h + 2*x + 499. What are the prime factors of h?
2, 193
Let v be (-2552)/154 - 6/14. Let x = v - -24. Suppose x*o = -o + 296. What are the prime factors of o?
37
Suppose 2*y = 2*a - 20142, a - 4*y - 5165 = 4906. List the prime factors of a.
3, 373
Let g(a) = a**3 - 3*a**2 - 3*a - 10. Let r be g(7). Let v(w) = 33*w + 1642. Let d be v(-40). Let z = d - r. List the prime factors of z.
157
Let a(q) = -q**3 + 30*q**2 - 23*q - 64. Let r be a(29). Suppose 0 = -5*f - 70 - 275. Let n = r + f. What are the prime factors of n?
41
Let t be 6870/8 - (-18)/72. Suppose -5*w - p = -t + 166, 2*w - 288 = 5*p. What are the prime factors of w?
139
Suppose 246*j - 5429742 = 2763780. List the prime factors of j.
19, 1753
Let y(q) = 10*q**3 + 6*q**2 - 99*q - 26. List the prime factors of y(13).
13, 1667
Let t = -2337 - -9998. List the prime factors of t.
47, 163
Let d(o) = 4*o**3 + 0*o**3 + 601*o**2 - 2*o**3 - o**3 + 22*o - 577*o**2 - 9. List the prime factors of d(-21).
2, 3, 71
Suppose -4*j + 45 = 5*j. Suppose t + j*q + 1322 = 5*t, 5*q = 3*t - 994. What are the prime factors of t?
2, 41
Suppose -22*m = -33221 + 89. List the prime factors of m.
2, 3, 251
Let u(c) = 10*c**2 + 14*c + 10. Let o(v) = 11*v**2 + 16*v + 9. Let s(d) = -4*o(d) + 5*u(d). List the prime factors of s(-11).
2, 337
Let u(c) = -c**3 + 7*c**2 - 6*c - 2. Let w be u(6). Let h be 123/1*2/w. Let a = 197 + h. List the prime factors of a.
2, 37
Suppose -3*x - 56 = -2*d, 14*x - 12*x - d = -36. Let n(m) = m**2 + 17*m + 31. What are the prime factors of n(x)?
3, 5
Suppose -19*d = -11*d - 16. Suppose d*g + 5*n - 826 = 0, g - 5*n + 7*n - 414 = 0. List the prime factors of g.
2, 11, 19
Suppose -96*g + 100*g - 26708 = -2*q, -2*g - 8 = 0. List the prime factors of q.
2, 3, 17, 131
Let n(m) = 8*m**2 - 28*m - 615. List the prime factors of n(35).
3, 5, 547
Let p(z) = 6*z**2 + 86*z + 175. Let g be p(-2). Suppose 0 = -2*l + 2*o + 1110, -l - 2*o + g = -519. List the prime factors of l.
2, 3, 23
Let k(